{"id":5118,"date":"2025-04-05T14:15:28","date_gmt":"2025-04-05T14:15:28","guid":{"rendered":"https:\/\/dicasa-iq.com\/?post_type=product&#038;p=5118"},"modified":"2025-09-18T08:35:01","modified_gmt":"2025-09-18T08:35:01","slug":"marble-chessboard","status":"publish","type":"product","link":"https:\/\/dicasa-iq.com\/?product=marble-chessboard","title":{"rendered":"Marble Chessboard"},"content":{"rendered":"<p><strong>Marble Chessboard<\/strong><br \/>\nClassic strategy meets contemporary luxury.<br \/>\nWith a finely crafted beige marble board and elegant crystal accents, this decorative chessboard adds intellectual charm to any room\u2014even when not in play. It\u2019s the perfect gift or conversation piece for those who appreciate timeless games and sophisticated d\u00e9cor.<\/p>\n<p><strong>Material:<\/strong> Marble &amp; Crystal<\/p>\n<p><strong>Color:<\/strong> Beige<\/p>\n<p><strong>Dimensions:<\/strong> 235\u00d7225\u00d740 mm<\/p>\n<p><strong>Perfect For:<\/strong> Game rooms, libraries, or stylish coffee tables<\/p>\n","protected":false},"excerpt":{"rendered":"<p>Marble Chessboard Classic strategy meets contemporary luxury. With a finely crafted beige marble board and elegant crystal accents, this decorative chessboard adds intellectual charm to any room\u2014even when not in play. It\u2019s the perfect gift or conversation piece for those who appreciate timeless games and sophisticated d\u00e9cor. Material: Marble &amp; Crystal Color: Beige Dimensions: 235\u00d7225\u00d740 &hellip; <\/p>\n<p class=\"link-more\"><a href=\"https:\/\/dicasa-iq.com\/?product=marble-chessboard\" class=\"more-link\">Read More <span class=\"screen-reader-text\"> &#8220;Marble Chessboard&#8221;<\/span><\/a><\/p>\n","protected":false},"featured_media":5247,"comment_status":"open","ping_status":"closed","template":"","meta":[],"product_cat":[15],"product_tag":[],"class_list":{"0":"post-5118","1":"product","2":"type-product","3":"status-publish","4":"has-post-thumbnail","6":"product_cat-uncategorized","8":"first","9":"outofstock","10":"shipping-taxable","11":"purchasable","12":"product-type-simple"},"jetpack_sharing_enabled":true,"_links":{"self":[{"href":"https:\/\/dicasa-iq.com\/index.php?rest_route=\/wp\/v2\/product\/5118","targetHints":{"allow":["GET"]}}],"collection":[{"href":"https:\/\/dicasa-iq.com\/index.php?rest_route=\/wp\/v2\/product"}],"about":[{"href":"https:\/\/dicasa-iq.com\/index.php?rest_route=\/wp\/v2\/types\/product"}],"replies":[{"embeddable":true,"href":"https:\/\/dicasa-iq.com\/index.php?rest_route=%2Fwp%2Fv2%2Fcomments&post=5118"}],"version-history":[{"count":2,"href":"https:\/\/dicasa-iq.com\/index.php?rest_route=\/wp\/v2\/product\/5118\/revisions"}],"predecessor-version":[{"id":5207,"href":"https:\/\/dicasa-iq.com\/index.php?rest_route=\/wp\/v2\/product\/5118\/revisions\/5207"}],"wp:featuredmedia":[{"embeddable":true,"href":"https:\/\/dicasa-iq.com\/index.php?rest_route=\/wp\/v2\/media\/5247"}],"wp:attachment":[{"href":"https:\/\/dicasa-iq.com\/index.php?rest_route=%2Fwp%2Fv2%2Fmedia&parent=5118"}],"wp:term":[{"taxonomy":"product_cat","embeddable":true,"href":"https:\/\/dicasa-iq.com\/index.php?rest_route=%2Fwp%2Fv2%2Fproduct_cat&post=5118"},{"taxonomy":"product_tag","embeddable":true,"href":"https:\/\/dicasa-iq.com\/index.php?rest_route=%2Fwp%2Fv2%2Fproduct_tag&post=5118"}],"curies":[{"name":"wp","href":"https:\/\/api.w.org\/{rel}","templated":true}]}}